{"id":32,"date":"2016-12-18T20:31:25","date_gmt":"2016-12-18T20:31:25","guid":{"rendered":"http:\/\/gigafiqspp.cluster020.hosting.ovh.net\/wwwgiga\/?page_id=32"},"modified":"2024-02-01T18:27:02","modified_gmt":"2024-02-01T16:27:02","slug":"hallitus","status":"publish","type":"page","link":"http:\/\/giga.fi\/index.php\/hallitus\/","title":{"rendered":"Hallitus"},"content":{"rendered":"<p>Hallitus kaudella 2024:<\/p>\n<div class=\"o9v6fnle cxmmr5t8 oygrvhab hcukyx3x c1et5uql ii04i59q\">\n<p dir=\"auto\">Puheenjohtaja Mila Katajam\u00e4ki<br \/>\nVarapuheenjohtaja Tuomas Rauta<br \/>\nSihteeri Henrik Sepp\u00e4-Lassila<br \/>\nRahastonhoitaja Patrik Kainulainen<br \/>\nKoulutuspoliittinen vastaava Eemeli Korpi<br \/>\n<span style=\"font-size: revert; background-color: var(--wp--preset--color--background); color: var(--wp--preset--color--base); font-family: var(--wp--preset--font-family--inter);\">Viestint\u00e4vastaava Emma Haapala<br \/>\n<\/span><span style=\"font-size: revert; background-color: var(--wp--preset--color--background); color: var(--wp--preset--color--base); font-family: var(--wp--preset--font-family--inter);\">Projektimestari Joonas Nurmi<br \/>\n<\/span><span style=\"font-size: revert; background-color: var(--wp--preset--color--background); color: var(--wp--preset--color--base); font-family: var(--wp--preset--font-family--inter);\">Hallituksen j\u00e4sen Hanna Aalto<br \/>\n<\/span><span style=\"font-size: revert; background-color: var(--wp--preset--color--background); color: var(--wp--preset--color--base); font-family: var(--wp--preset--font-family--inter);\">Varaj\u00e4sen Marjukka S\u00e4il\u00e4<\/span><\/p>\n<\/div>\n<p dir=\"auto\"><a href=\"https:\/\/www.instagram.com\/gigaelaa\/\">Hallituksen esittelyt voit k\u00e4yd\u00e4 katsomassa Gigan Instagram-tilin kohokohdista (instagram.com)!<\/a><\/p>\n","protected":false},"excerpt":{"rendered":"<p>Hallitus kaudella 2024: Puheenjohtaja Mila Katajam\u00e4ki Varapuheenjohtaja Tuomas Rauta Sihteeri Henrik Sepp\u00e4-Lassila Rahastonhoitaja Patrik Kainulainen Koulutuspoliittinen vastaava Eemeli Korpi Viestint\u00e4vastaava Emma Haapala Projektimestari Joonas Nurmi Hallituksen j\u00e4sen Hanna Aalto Varaj\u00e4sen Marjukka S\u00e4il\u00e4 Hallituksen esittelyt voit k\u00e4yd\u00e4 katsomassa Gigan Instagram-tilin kohokohdista (instagram.com)!<\/p>\n","protected":false},"author":1,"featured_media":0,"parent":0,"menu_order":0,"comment_status":"closed","ping_status":"closed","template":"","meta":{"passster_activate_protection":false,"passster_protection_type":"password","passster_password":"","passster_activate_overwrite_defaults":"","passster_headline":"","passster_instruction":"","passster_placeholder":"","passster_button":"","passster_id":"","passster_activate_misc_settings":"","passster_redirect_url":"","passster_hide":"no","passster_area_shortcode":"","_mi_skip_tracking":false,"footnotes":""},"class_list":["post-32","page","type-page","status-publish","hentry"],"_links":{"self":[{"href":"http:\/\/giga.fi\/index.php\/wp-json\/wp\/v2\/pages\/32","targetHints":{"allow":["GET"]}}],"collection":[{"href":"http:\/\/giga.fi\/index.php\/wp-json\/wp\/v2\/pages"}],"about":[{"href":"http:\/\/giga.fi\/index.php\/wp-json\/wp\/v2\/types\/page"}],"author":[{"embeddable":true,"href":"http:\/\/giga.fi\/index.php\/wp-json\/wp\/v2\/users\/1"}],"replies":[{"embeddable":true,"href":"http:\/\/giga.fi\/index.php\/wp-json\/wp\/v2\/comments?post=32"}],"version-history":[{"count":16,"href":"http:\/\/giga.fi\/index.php\/wp-json\/wp\/v2\/pages\/32\/revisions"}],"predecessor-version":[{"id":383,"href":"http:\/\/giga.fi\/index.php\/wp-json\/wp\/v2\/pages\/32\/revisions\/383"}],"wp:attachment":[{"href":"http:\/\/giga.fi\/index.php\/wp-json\/wp\/v2\/media?parent=32"}],"curies":[{"name":"wp","href":"https:\/\/api.w.org\/{rel}","templated":true}]}}

<p>Hallitus kaudella 2024:</p>
<div class="o9v6fnle cxmmr5t8 oygrvhab hcukyx3x c1et5uql ii04i59q">
<p dir="auto">Puheenjohtaja Mila Katajamäki<br />
Varapuheenjohtaja Tuomas Rauta<br />
Sihteeri Henrik Seppä-Lassila<br />
Rahastonhoitaja Patrik Kainulainen<br />
Koulutuspoliittinen vastaava Eemeli Korpi<br />
<span style="font-size: revert; background-color: var(--wp--preset--color--background); color: var(--wp--preset--color--base); font-family: var(--wp--preset--font-family--inter);">Viestintävastaava Emma Haapala<br />
</span><span style="font-size: revert; background-color: var(--wp--preset--color--background); color: var(--wp--preset--color--base); font-family: var(--wp--preset--font-family--inter);">Projektimestari Joonas Nurmi<br />
</span><span style="font-size: revert; background-color: var(--wp--preset--color--background); color: var(--wp--preset--color--base); font-family: var(--wp--preset--font-family--inter);">Hallituksen jäsen Hanna Aalto<br />
</span><span style="font-size: revert; background-color: var(--wp--preset--color--background); color: var(--wp--preset--color--base); font-family: var(--wp--preset--font-family--inter);">Varajäsen Marjukka Säilä</span></p>
</div>
<p dir="auto"><a href="https://www.instagram.com/gigaelaa/">Hallituksen esittelyt voit käydä katsomassa Gigan Instagram-tilin kohokohdista (instagram.com)!</a></p>

<p>Hallitus kaudella 2024: Puheenjohtaja Mila Katajamäki Varapuheenjohtaja Tuomas Rauta Sihteeri Henrik Seppä-Lassila Rahastonhoitaja Patrik Kainulainen Koulutuspoliittinen vastaava Eemeli Korpi Viestintävastaava Emma Haapala Projektimestari Joonas Nurmi Hallituksen jäsen Hanna Aalto Varajäsen Marjukka Säilä Hallituksen esittelyt voit käydä katsomassa Gigan Instagram-tilin kohokohdista (instagram.com)!</p>
